{"id":29,"date":"2015-03-02T17:09:45","date_gmt":"2015-03-02T17:09:45","guid":{"rendered":"http:\/\/wp\/enfold-shop\/my-account\/"},"modified":"2026-02-25T10:02:02","modified_gmt":"2026-02-25T10:02:02","slug":"my-account","status":"publish","type":"page","link":"https:\/\/www.deleage.com\/store\/my-account\/","title":{"rendered":"My Account"},"content":{"rendered":"<div class=\"woocommerce\"><\/div>\n","protected":false},"excerpt":{"rendered":"","protected":false},"author":1,"featured_media":0,"parent":0,"menu_order":16,"comment_status":"closed","ping_status":"open","template":"","meta":{"_acf_changed":false,"footnotes":""},"class_list":["post-29","page","type-page","status-publish","hentry"],"acf":[],"yoast_head":"<!-- This site is optimized with the Yoast SEO plugin v27.3 - https:\/\/yoast.com\/product\/yoast-seo-wordpress\/ -->\n<title>My Account - Store Del\u00e9age<\/title>\n<meta name=\"description\" content=\"Deleage vous propose location, vente et cr\u00e9ation de stands, d\u00e9cors, signal\u00e9tique et mobilier \u00e9coresponsable pour tous vos \u00e9v\u00e9nements professionnels.\" \/>\n<meta name=\"robots\" content=\"noindex, nofollow\" \/>\n<meta property=\"og:locale\" content=\"fr_FR\" \/>\n<meta property=\"og:type\" content=\"article\" \/>\n<meta property=\"og:title\" content=\"My Account - Store Del\u00e9age\" \/>\n<meta property=\"og:description\" content=\"Deleage vous propose location, vente et cr\u00e9ation de stands, d\u00e9cors, signal\u00e9tique et mobilier \u00e9coresponsable pour tous vos \u00e9v\u00e9nements professionnels.\" \/>\n<meta property=\"og:url\" content=\"https:\/\/www.deleage.com\/store\/my-account\/\" \/>\n<meta property=\"og:site_name\" content=\"Store Del\u00e9age\" \/>\n<meta property=\"article:publisher\" content=\"http:\/\/facebook.com\/deleageexpansion\" \/>\n<meta property=\"article:modified_time\" content=\"2026-02-25T10:02:02+00:00\" \/>\n<meta name=\"twitter:card\" content=\"summary_large_image\" \/>\n<meta name=\"twitter:label1\" content=\"Dur\u00e9e de lecture estim\u00e9e\" \/>\n\t<meta name=\"twitter:data1\" content=\"1 minute\" \/>\n<script type=\"application\/ld+json\" class=\"yoast-schema-graph\">{\"@context\":\"https:\\\/\\\/schema.org\",\"@graph\":[{\"@type\":\"WebPage\",\"@id\":\"https:\\\/\\\/www.deleage.com\\\/store\\\/my-account\\\/\",\"url\":\"https:\\\/\\\/www.deleage.com\\\/store\\\/my-account\\\/\",\"name\":\"My Account - Store Del\u00e9age\",\"isPartOf\":{\"@id\":\"https:\\\/\\\/www.deleage.com\\\/store\\\/#website\"},\"datePublished\":\"2015-03-02T17:09:45+00:00\",\"dateModified\":\"2026-02-25T10:02:02+00:00\",\"description\":\"Deleage vous propose location, vente et cr\u00e9ation de stands, d\u00e9cors, signal\u00e9tique et mobilier \u00e9coresponsable pour tous vos \u00e9v\u00e9nements professionnels.\",\"breadcrumb\":{\"@id\":\"https:\\\/\\\/www.deleage.com\\\/store\\\/my-account\\\/#breadcrumb\"},\"inLanguage\":\"fr-FR\",\"potentialAction\":[{\"@type\":\"ReadAction\",\"target\":[\"https:\\\/\\\/www.deleage.com\\\/store\\\/my-account\\\/\"]}]},{\"@type\":\"BreadcrumbList\",\"@id\":\"https:\\\/\\\/www.deleage.com\\\/store\\\/my-account\\\/#breadcrumb\",\"itemListElement\":[{\"@type\":\"ListItem\",\"position\":1,\"name\":\"Accueil\",\"item\":\"https:\\\/\\\/www.deleage.com\\\/store\\\/boutique-2\\\/\"},{\"@type\":\"ListItem\",\"position\":2,\"name\":\"My Account\"}]},{\"@type\":\"WebSite\",\"@id\":\"https:\\\/\\\/www.deleage.com\\\/store\\\/#website\",\"url\":\"https:\\\/\\\/www.deleage.com\\\/store\\\/\",\"name\":\"Store Del\u00e9age\",\"description\":\"Deleage Store | Signal\u00e9tique, Stands et Impression Grand Format B2B\",\"publisher\":{\"@id\":\"https:\\\/\\\/www.deleage.com\\\/store\\\/#organization\"},\"potentialAction\":[{\"@type\":\"SearchAction\",\"target\":{\"@type\":\"EntryPoint\",\"urlTemplate\":\"https:\\\/\\\/www.deleage.com\\\/store\\\/?s={search_term_string}\"},\"query-input\":{\"@type\":\"PropertyValueSpecification\",\"valueRequired\":true,\"valueName\":\"search_term_string\"}}],\"inLanguage\":\"fr-FR\"},{\"@type\":\"Organization\",\"@id\":\"https:\\\/\\\/www.deleage.com\\\/store\\\/#organization\",\"name\":\"Del\u00e9age Expansion\",\"url\":\"https:\\\/\\\/www.deleage.com\\\/store\\\/\",\"logo\":{\"@type\":\"ImageObject\",\"inLanguage\":\"fr-FR\",\"@id\":\"https:\\\/\\\/www.deleage.com\\\/store\\\/#\\\/schema\\\/logo\\\/image\\\/\",\"url\":\"https:\\\/\\\/www.deleage.com\\\/store\\\/wp-content\\\/uploads\\\/2018\\\/04\\\/logo-violet.png\",\"contentUrl\":\"https:\\\/\\\/www.deleage.com\\\/store\\\/wp-content\\\/uploads\\\/2018\\\/04\\\/logo-violet.png\",\"width\":316,\"height\":275,\"caption\":\"Del\u00e9age Expansion\"},\"image\":{\"@id\":\"https:\\\/\\\/www.deleage.com\\\/store\\\/#\\\/schema\\\/logo\\\/image\\\/\"},\"sameAs\":[\"http:\\\/\\\/facebook.com\\\/deleageexpansion\"]}]}<\/script>\n<!-- \/ Yoast SEO plugin. -->","yoast_head_json":{"title":"My Account - Store Del\u00e9age","description":"Deleage vous propose location, vente et cr\u00e9ation de stands, d\u00e9cors, signal\u00e9tique et mobilier \u00e9coresponsable pour tous vos \u00e9v\u00e9nements professionnels.","robots":{"index":"noindex","follow":"nofollow"},"og_locale":"fr_FR","og_type":"article","og_title":"My Account - Store Del\u00e9age","og_description":"Deleage vous propose location, vente et cr\u00e9ation de stands, d\u00e9cors, signal\u00e9tique et mobilier \u00e9coresponsable pour tous vos \u00e9v\u00e9nements professionnels.","og_url":"https:\/\/www.deleage.com\/store\/my-account\/","og_site_name":"Store Del\u00e9age","article_publisher":"http:\/\/facebook.com\/deleageexpansion","article_modified_time":"2026-02-25T10:02:02+00:00","twitter_card":"summary_large_image","twitter_misc":{"Dur\u00e9e de lecture estim\u00e9e":"1 minute"},"schema":{"@context":"https:\/\/schema.org","@graph":[{"@type":"WebPage","@id":"https:\/\/www.deleage.com\/store\/my-account\/","url":"https:\/\/www.deleage.com\/store\/my-account\/","name":"My Account - Store Del\u00e9age","isPartOf":{"@id":"https:\/\/www.deleage.com\/store\/#website"},"datePublished":"2015-03-02T17:09:45+00:00","dateModified":"2026-02-25T10:02:02+00:00","description":"Deleage vous propose location, vente et cr\u00e9ation de stands, d\u00e9cors, signal\u00e9tique et mobilier \u00e9coresponsable pour tous vos \u00e9v\u00e9nements professionnels.","breadcrumb":{"@id":"https:\/\/www.deleage.com\/store\/my-account\/#breadcrumb"},"inLanguage":"fr-FR","potentialAction":[{"@type":"ReadAction","target":["https:\/\/www.deleage.com\/store\/my-account\/"]}]},{"@type":"BreadcrumbList","@id":"https:\/\/www.deleage.com\/store\/my-account\/#breadcrumb","itemListElement":[{"@type":"ListItem","position":1,"name":"Accueil","item":"https:\/\/www.deleage.com\/store\/boutique-2\/"},{"@type":"ListItem","position":2,"name":"My Account"}]},{"@type":"WebSite","@id":"https:\/\/www.deleage.com\/store\/#website","url":"https:\/\/www.deleage.com\/store\/","name":"Store Del\u00e9age","description":"Deleage Store | Signal\u00e9tique, Stands et Impression Grand Format B2B","publisher":{"@id":"https:\/\/www.deleage.com\/store\/#organization"},"potentialAction":[{"@type":"SearchAction","target":{"@type":"EntryPoint","urlTemplate":"https:\/\/www.deleage.com\/store\/?s={search_term_string}"},"query-input":{"@type":"PropertyValueSpecification","valueRequired":true,"valueName":"search_term_string"}}],"inLanguage":"fr-FR"},{"@type":"Organization","@id":"https:\/\/www.deleage.com\/store\/#organization","name":"Del\u00e9age Expansion","url":"https:\/\/www.deleage.com\/store\/","logo":{"@type":"ImageObject","inLanguage":"fr-FR","@id":"https:\/\/www.deleage.com\/store\/#\/schema\/logo\/image\/","url":"https:\/\/www.deleage.com\/store\/wp-content\/uploads\/2018\/04\/logo-violet.png","contentUrl":"https:\/\/www.deleage.com\/store\/wp-content\/uploads\/2018\/04\/logo-violet.png","width":316,"height":275,"caption":"Del\u00e9age Expansion"},"image":{"@id":"https:\/\/www.deleage.com\/store\/#\/schema\/logo\/image\/"},"sameAs":["http:\/\/facebook.com\/deleageexpansion"]}]}},"_links":{"self":[{"href":"https:\/\/www.deleage.com\/store\/wp-json\/wp\/v2\/pages\/29","targetHints":{"allow":["GET"]}}],"collection":[{"href":"https:\/\/www.deleage.com\/store\/wp-json\/wp\/v2\/pages"}],"about":[{"href":"https:\/\/www.deleage.com\/store\/wp-json\/wp\/v2\/types\/page"}],"author":[{"embeddable":true,"href":"https:\/\/www.deleage.com\/store\/wp-json\/wp\/v2\/users\/1"}],"replies":[{"embeddable":true,"href":"https:\/\/www.deleage.com\/store\/wp-json\/wp\/v2\/comments?post=29"}],"version-history":[{"count":1,"href":"https:\/\/www.deleage.com\/store\/wp-json\/wp\/v2\/pages\/29\/revisions"}],"predecessor-version":[{"id":51097,"href":"https:\/\/www.deleage.com\/store\/wp-json\/wp\/v2\/pages\/29\/revisions\/51097"}],"wp:attachment":[{"href":"https:\/\/www.deleage.com\/store\/wp-json\/wp\/v2\/media?parent=29"}],"curies":[{"name":"wp","href":"https:\/\/api.w.org\/{rel}","templated":true}]}}