{"id":22993,"date":"2018-04-20T16:45:42","date_gmt":"2018-04-20T14:45:42","guid":{"rendered":"http:\/\/prod.deleage.com\/store\/mon-compte\/"},"modified":"2026-04-18T13:19:35","modified_gmt":"2026-04-18T13:19:35","slug":"mon-compte-2","status":"publish","type":"page","link":"https:\/\/www.deleage.com\/store\/mon-compte-2\/","title":{"rendered":"Mon compte"},"content":{"rendered":"<h1>Mon Compte<\/h1>\n<div class=\"woocommerce\"><\/div>\n","protected":false},"excerpt":{"rendered":"<p>Mon Compte<\/p>\n","protected":false},"author":1,"featured_media":0,"parent":0,"menu_order":7,"comment_status":"closed","ping_status":"closed","template":"","meta":{"_acf_changed":false,"footnotes":""},"class_list":["post-22993","page","type-page","status-publish","hentry"],"acf":[],"yoast_head":"<!-- This site is optimized with the Yoast SEO plugin v27.5 - https:\/\/yoast.com\/product\/yoast-seo-wordpress\/ -->\n<title>Mon compte - Store Del\u00e9age<\/title>\n<meta name=\"description\" content=\"Del\u00e9age, expert en stands modulaires, accessoires \u00e9v\u00e9nementiels, d\u00e9corations, signal\u00e9tique et solutions \u00e9cologiques pour tous vos \u00e9v\u00e9nements professionnels.\" \/>\n<meta name=\"robots\" content=\"index, follow, max-snippet:-1, max-image-preview:large, max-video-preview:-1\" \/>\n<link rel=\"canonical\" href=\"https:\/\/www.deleage.com\/store\/mon-compte-2\/\" \/>\n<meta property=\"og:locale\" content=\"fr_FR\" \/>\n<meta property=\"og:type\" content=\"article\" \/>\n<meta property=\"og:title\" content=\"Mon compte - Store Del\u00e9age\" \/>\n<meta property=\"og:description\" content=\"Del\u00e9age, expert en stands modulaires, accessoires \u00e9v\u00e9nementiels, d\u00e9corations, signal\u00e9tique et solutions \u00e9cologiques pour tous vos \u00e9v\u00e9nements professionnels.\" \/>\n<meta property=\"og:url\" content=\"https:\/\/www.deleage.com\/store\/mon-compte-2\/\" \/>\n<meta property=\"og:site_name\" content=\"Store Del\u00e9age\" \/>\n<meta property=\"article:publisher\" content=\"http:\/\/facebook.com\/deleageexpansion\" \/>\n<meta property=\"article:modified_time\" content=\"2026-04-18T13:19:35+00:00\" \/>\n<meta name=\"twitter:card\" content=\"summary_large_image\" \/>\n<script type=\"application\/ld+json\" class=\"yoast-schema-graph\">{\"@context\":\"https:\\\/\\\/schema.org\",\"@graph\":[{\"@type\":\"WebPage\",\"@id\":\"https:\\\/\\\/www.deleage.com\\\/store\\\/mon-compte-2\\\/\",\"url\":\"https:\\\/\\\/www.deleage.com\\\/store\\\/mon-compte-2\\\/\",\"name\":\"Mon compte - Store Del\u00e9age\",\"isPartOf\":{\"@id\":\"https:\\\/\\\/www.deleage.com\\\/store\\\/#website\"},\"datePublished\":\"2018-04-20T14:45:42+00:00\",\"dateModified\":\"2026-04-18T13:19:35+00:00\",\"description\":\"Del\u00e9age, expert en stands modulaires, accessoires \u00e9v\u00e9nementiels, d\u00e9corations, signal\u00e9tique et solutions \u00e9cologiques pour tous vos \u00e9v\u00e9nements professionnels.\",\"breadcrumb\":{\"@id\":\"https:\\\/\\\/www.deleage.com\\\/store\\\/mon-compte-2\\\/#breadcrumb\"},\"inLanguage\":\"fr-FR\",\"potentialAction\":[{\"@type\":\"ReadAction\",\"target\":[\"https:\\\/\\\/www.deleage.com\\\/store\\\/mon-compte-2\\\/\"]}]},{\"@type\":\"WebSite\",\"@id\":\"https:\\\/\\\/www.deleage.com\\\/store\\\/#website\",\"url\":\"https:\\\/\\\/www.deleage.com\\\/store\\\/\",\"name\":\"Store Del\u00e9age\",\"description\":\"Deleage Store | Signal\u00e9tique, Stands et Impression Grand Format B2B\",\"publisher\":{\"@id\":\"https:\\\/\\\/www.deleage.com\\\/store\\\/#organization\"},\"potentialAction\":[{\"@type\":\"SearchAction\",\"target\":{\"@type\":\"EntryPoint\",\"urlTemplate\":\"https:\\\/\\\/www.deleage.com\\\/store\\\/?s={search_term_string}\"},\"query-input\":{\"@type\":\"PropertyValueSpecification\",\"valueRequired\":true,\"valueName\":\"search_term_string\"}}],\"inLanguage\":\"fr-FR\"},{\"@type\":\"Organization\",\"@id\":\"https:\\\/\\\/www.deleage.com\\\/store\\\/#organization\",\"name\":\"Del\u00e9age Expansion\",\"url\":\"https:\\\/\\\/www.deleage.com\\\/store\\\/\",\"logo\":{\"@type\":\"ImageObject\",\"inLanguage\":\"fr-FR\",\"@id\":\"https:\\\/\\\/www.deleage.com\\\/store\\\/#\\\/schema\\\/logo\\\/image\\\/\",\"url\":\"https:\\\/\\\/www.deleage.com\\\/store\\\/wp-content\\\/uploads\\\/2018\\\/04\\\/logo-violet.png\",\"contentUrl\":\"https:\\\/\\\/www.deleage.com\\\/store\\\/wp-content\\\/uploads\\\/2018\\\/04\\\/logo-violet.png\",\"width\":316,\"height\":275,\"caption\":\"Del\u00e9age Expansion\"},\"image\":{\"@id\":\"https:\\\/\\\/www.deleage.com\\\/store\\\/#\\\/schema\\\/logo\\\/image\\\/\"},\"sameAs\":[\"http:\\\/\\\/facebook.com\\\/deleageexpansion\"]}]}<\/script>\n<!-- \/ Yoast SEO plugin. -->","yoast_head_json":{"title":"Mon compte - Store Del\u00e9age","description":"Del\u00e9age, expert en stands modulaires, accessoires \u00e9v\u00e9nementiels, d\u00e9corations, signal\u00e9tique et solutions \u00e9cologiques pour tous vos \u00e9v\u00e9nements professionnels.","robots":{"index":"index","follow":"follow","max-snippet":"max-snippet:-1","max-image-preview":"max-image-preview:large","max-video-preview":"max-video-preview:-1"},"canonical":"https:\/\/www.deleage.com\/store\/mon-compte-2\/","og_locale":"fr_FR","og_type":"article","og_title":"Mon compte - Store Del\u00e9age","og_description":"Del\u00e9age, expert en stands modulaires, accessoires \u00e9v\u00e9nementiels, d\u00e9corations, signal\u00e9tique et solutions \u00e9cologiques pour tous vos \u00e9v\u00e9nements professionnels.","og_url":"https:\/\/www.deleage.com\/store\/mon-compte-2\/","og_site_name":"Store Del\u00e9age","article_publisher":"http:\/\/facebook.com\/deleageexpansion","article_modified_time":"2026-04-18T13:19:35+00:00","twitter_card":"summary_large_image","schema":{"@context":"https:\/\/schema.org","@graph":[{"@type":"WebPage","@id":"https:\/\/www.deleage.com\/store\/mon-compte-2\/","url":"https:\/\/www.deleage.com\/store\/mon-compte-2\/","name":"Mon compte - Store Del\u00e9age","isPartOf":{"@id":"https:\/\/www.deleage.com\/store\/#website"},"datePublished":"2018-04-20T14:45:42+00:00","dateModified":"2026-04-18T13:19:35+00:00","description":"Del\u00e9age, expert en stands modulaires, accessoires \u00e9v\u00e9nementiels, d\u00e9corations, signal\u00e9tique et solutions \u00e9cologiques pour tous vos \u00e9v\u00e9nements professionnels.","breadcrumb":{"@id":"https:\/\/www.deleage.com\/store\/mon-compte-2\/#breadcrumb"},"inLanguage":"fr-FR","potentialAction":[{"@type":"ReadAction","target":["https:\/\/www.deleage.com\/store\/mon-compte-2\/"]}]},{"@type":"WebSite","@id":"https:\/\/www.deleage.com\/store\/#website","url":"https:\/\/www.deleage.com\/store\/","name":"Store Del\u00e9age","description":"Deleage Store | Signal\u00e9tique, Stands et Impression Grand Format B2B","publisher":{"@id":"https:\/\/www.deleage.com\/store\/#organization"},"potentialAction":[{"@type":"SearchAction","target":{"@type":"EntryPoint","urlTemplate":"https:\/\/www.deleage.com\/store\/?s={search_term_string}"},"query-input":{"@type":"PropertyValueSpecification","valueRequired":true,"valueName":"search_term_string"}}],"inLanguage":"fr-FR"},{"@type":"Organization","@id":"https:\/\/www.deleage.com\/store\/#organization","name":"Del\u00e9age Expansion","url":"https:\/\/www.deleage.com\/store\/","logo":{"@type":"ImageObject","inLanguage":"fr-FR","@id":"https:\/\/www.deleage.com\/store\/#\/schema\/logo\/image\/","url":"https:\/\/www.deleage.com\/store\/wp-content\/uploads\/2018\/04\/logo-violet.png","contentUrl":"https:\/\/www.deleage.com\/store\/wp-content\/uploads\/2018\/04\/logo-violet.png","width":316,"height":275,"caption":"Del\u00e9age Expansion"},"image":{"@id":"https:\/\/www.deleage.com\/store\/#\/schema\/logo\/image\/"},"sameAs":["http:\/\/facebook.com\/deleageexpansion"]}]}},"_links":{"self":[{"href":"https:\/\/www.deleage.com\/store\/wp-json\/wp\/v2\/pages\/22993","targetHints":{"allow":["GET"]}}],"collection":[{"href":"https:\/\/www.deleage.com\/store\/wp-json\/wp\/v2\/pages"}],"about":[{"href":"https:\/\/www.deleage.com\/store\/wp-json\/wp\/v2\/types\/page"}],"author":[{"embeddable":true,"href":"https:\/\/www.deleage.com\/store\/wp-json\/wp\/v2\/users\/1"}],"replies":[{"embeddable":true,"href":"https:\/\/www.deleage.com\/store\/wp-json\/wp\/v2\/comments?post=22993"}],"version-history":[{"count":2,"href":"https:\/\/www.deleage.com\/store\/wp-json\/wp\/v2\/pages\/22993\/revisions"}],"predecessor-version":[{"id":51565,"href":"https:\/\/www.deleage.com\/store\/wp-json\/wp\/v2\/pages\/22993\/revisions\/51565"}],"wp:attachment":[{"href":"https:\/\/www.deleage.com\/store\/wp-json\/wp\/v2\/media?parent=22993"}],"curies":[{"name":"wp","href":"https:\/\/api.w.org\/{rel}","templated":true}]}}